 95969.
19
Calculate the greatest common factor of 308669 and 268.
67
Calculate the greatest common factor of 9256 and 12460.
356
Calculate the greatest common divisor of 134 and 81.
1
Calculate the highest common divisor of 318 and 7452.
6
What is the highest common divisor of 300 and 3444?
12
Calculate the highest common divisor of 126 and 321069.
21
Calculate the highest common divisor of 32 and 4708.
4
What is the greatest common divisor of 335960 and 70824?
1816
Calculate the highest common factor of 12375 and 693.
99
Calculate the highest common factor of 180868 and 32.
4
What is the greatest common divisor of 11346 and 15438?
186
Calculate the greatest common factor of 440 and 143.
11
What is the greatest common divisor of 42718 and 3038?
62
What is the greatest common factor of 4387 and 98333?
107
What is the highest common divisor of 238 and 83?
1
Calculate the greatest common factor of 99 and 234.
9
What is the highest common factor of 2712 and 10509?
339
Calculate the highest common divisor of 7475587 and 49.
49
Calculate the greatest common divisor of 12032 and 11844.
188
Calculate the greatest common factor of 36 and 32628.
12
What is the highest common divisor of 76 and 438007?
19
What is the highest common factor of 66474 and 270?
54
Calculate the highest common divisor of 528 and 19184.
176
Calculate the greatest common divisor of 2405 and 80327.
481
What is the greatest common factor of 500 and 38600?
100
Calculate the highest common factor of 2883 and 93.
93
Calculate the greatest common divisor of 44724 and 24.
12
What is the greatest common factor of 11 and 2055746?
11
What is the highest common divisor of 346 and 267458?
346
Calculate the greatest common factor of 82875 and 31161.
663
Calculate the highest common factor of 121600 and 684.
76
Calculate the highest common factor of 22296 and 216.
24
Calculate the highest common divisor of 284880 and 520.
40
Calculate the highest common divisor of 408 and 894.
6
Calculate the greatest common factor of 46291 and 357.
119
What is the highest common factor of 565 and 85?
5
Calculate the greatest common divisor of 78 and 381498.
78
What is the highest common factor of 76 and 10564?
76
What is the highest common divisor of 21779 and 58?
29
Calculate the greatest common divisor of 103749 and 6.
3
What is the highest common factor of 790 and 29690?
10
What is the highest common factor of 349 and 175547?
349
What is the highest common factor of 1141 and 2744?
7
What is the greatest common divisor of 1447 and 14721778?
1447
What is the highest common factor of 8 and 4940?
4
What is the highest common factor of 10 and 86?
2
Calculate the highest common divisor of 8723 and 35563.
671
What is the greatest common factor of 696 and 4548?
12
What is the greatest common factor of 9394475 and 100?
25
Calculate the greatest common factor of 150390 and 24.
6
What is the greatest common divisor of 263 and 518899?
263
What is the highest common divisor of 559 and 322457?
43
Calculate the greatest common factor of 96 and 23172.
12
What is the highest common divisor of 11711 and 497?
7
What is the greatest common divisor of 28270 and 638?
22
What is the greatest common divisor of 1356648 and 32?
8
What is the highest common divisor of 168 and 6377?
7
What is the greatest common divisor of 570542 and 1162?
1162
What is the highest common divisor of 27438 and 714?
102
What is the greatest common divisor of 3920 and 22001?
49
Calculate the greatest common factor of 614781 and 747.
747
What is the greatest common factor of 18487 and 4256?
133
Calculate the greatest common divisor of 3567 and 348.
87
What is the greatest common divisor of 401125 and 125?
125
Calculate the greatest common divisor of 10400 and 115000.
200
What is the highest common divisor of 12638 and 534?
178
Calculate the highest common factor of 189 and 83132.
7
What is the greatest common factor of 1152 and 7875?
9
Calculate the highest common factor of 332 and 548962.
166
What is the highest common factor of 13 and 47203?
13
What is the greatest common factor of 15 and 24060?
15
Calculate the highest common divisor of 411 and 186.
3
What is the greatest common divisor of 13956 and 396?
12
Calculate the highest common factor of 426 and 2187.
3
Calculate the greatest common factor of 130249 and 851.
23
What is the greatest common factor of 3472 and 29078?
434
What is the highest common divisor of 836 and 12616?
76
Calculate the greatest common factor of 390 and 63375.
195
Calculate the highest common factor of 42881 and 5321.
313
What is the greatest common divisor of 9728 and 2584?
152
What is the highest common factor of 1104552 and 696?
696
Calculate the highest common divisor of 1190183 and 775.
31
Calculate the highest common factor of 7620 and 24240.
60
Calculate the greatest common divisor of 312 and 1192.
8
What is the highest common factor of 126 and 788193?
63
What is the highest common factor of 154476 and 252?
252
Calculate the highest common factor of 508 and 485394.
254
Calculate the greatest common divisor of 782370 and 558.
18
What is the highest common factor of 3800 and 2550?
50
What is the greatest common factor of 110652 and 48?
12
Calculate the highest common factor of 102046 and 75628.
518
What is the highest common divisor of 2464 and 318304?
224
What is the greatest common factor of 1467 and 207?
9
What is the highest common factor of 197036 and 248?
124
What is the greatest common divisor of 1204 and 16684?
172
Calculate the highest common divisor of 177234 and 13407.
327
Calculate the highest common divisor of 459356 and 184.
92
Calculate the greatest common factor of 3693225 and 125.
25
What is the greatest common factor of 21094 and 10348?
398
Calculate the greatest common factor of 670 and 244014.
134
Calculate the greatest common factor of 392670 and 540.
90
Calculate the greatest common divisor of 684552 and 792.
264
What is the greatest common factor of 98 and 231329?
49
Calculate the greatest common divisor of 828 and 103316.
92
What is the greatest common divisor of 29697 and 513?
57
Calculate the greatest common factor of 315 and 47390.
35
Calculate the highest common factor of 150648 and 48.
24
Calculate the highest common factor of 975 and 244075.
325
What is the greatest common divisor of 938 and 64316?
14
Calculate the highest common divisor of 279000 and 1080.
360
What is the greatest common factor of 71623 and 67?
67
Calculate the greatest common factor of 365 and 566115.
365
Calculate the greatest common divisor of 344 and 62479.
43
What is the greatest common factor of 1742 and 10478?
26
Calculate the highest common factor of 6 and 4202.
2
Calculate the greatest common divisor of 6285 and 105.
15
Calculate the greatest common factor of 5034 and 18.
6
What is the highest common divisor of 40 and 50045?
5
Calculate the greatest common divisor of 17252 and 98972.
908
What is the highest common divisor of 2445 and 15?
15
What is the highest common divisor of 203 and 3?
1
What is the greatest common factor of 3535 and 10?
5
Calculate the highest common divisor of 98 and 30086.
98
What is the greatest common factor of 80 and 23696?
16
Calculate the highest common divisor of 247960 and 200.
40
Calculate the highest common divisor of 264 and 138699.
33
Calculate the highest common factor of 4292 and 754.
58
Calculate the highest common factor of 103788 and 324.
108
Calculate the greatest common divisor of 646 and 7310782.
646
What is the highest common factor of 9498192 and 528?
528
What is the highest common factor of 1517 and 164?
41
Calculate the highest common divisor of 3311 and 12320.
77
Calculate the greatest common divisor of 52040 and 1680.
40
What is the highest common divisor of 132 and 20526?
66
What is the greatest common divisor of 2 and 1956806?
2
Calculate the highest common factor of 87 and 1644.
3
Calculate the greatest common divisor of 454753 and 13.
13
What is the greatest common factor of 1860 and 3906?
186
What is the greatest common factor of 20 and 15068?
4
Calculate the greatest common divisor of 6 and 160278.
6
What is the highest common divisor of 35121 and 138?
69
Calculate the greatest common factor of 318 and 86178.
318
Calculate the highest common divisor of 210 a